 factor of 4336998?
True
Is 10 a factor of 2681270?
True
Is 213913 a multiple of 197?
False
Is 290 a factor of 69020?
True
Is 13143740 a multiple of 95?
False
Does 8 divide 93816?
True
Is 6 a factor of 191210?
False
Is 179 a factor of 702515?
False
Is 234486 a multiple of 63?
True
Is 4389310 a multiple of 154?
False
Is 1542125 a multiple of 133?
False
Is 5836827 a multiple of 26?
False
Is 247 a factor of 2358106?
False
Does 48 divide 243701?
False
Is 5 a factor of 70169?
False
Is 5105826 a multiple of 1177?
True
Does 30 divide 21210?
True
Is 88 a factor of 4074488?
True
Does 255 divide 3421533?
False
Does 176 divide 141856?
True
Is 85 a factor of 21531?
False
Does 35 divide 527078?
False
Is 451450 a multiple of 50?
True
Is 3366610 a multiple of 58?
True
Is 3819149 a multiple of 457?
True
Is 3 a factor of 115993?
False
Is 1213540 a multiple of 235?
True
Is 1024121 a multiple of 23?
True
Is 1452753 a multiple of 31?
True
Does 130 divide 89999?
False
Is 298824 a multiple of 24?
True
Does 38 divide 717820?
True
Is 359330 a multiple of 10?
True
Is 48185 a multiple of 11?
False
Is 29 a factor of 18212?
True
Is 30 a factor of 129570?
True
Is 3523856 a multiple of 112?
True
Does 157 divide 389924?
False
Is 115 a factor of 337870?
True
Does 8 divide 345851?
False
Is 23 a factor of 3495281?
False
Does 147 divide 219243?
False
Is 3384850 a multiple of 190?
True
Does 95 divide 601350?
True
Does 43 divide 462437?
False
Is 277 a factor of 3159869?
False
Is 57226 a multiple of 26?
True
Does 17 divide 374663?
True
Does 27 divide 448181?
False
Does 202 divide 15238161?
False
Does 158 divide 2586474?
False
Is 87 a factor of 98658?
True
Is 481596 a multiple of 268?
True
Is 1491528 a multiple of 696?
True
Does 291 divide 60641?
False
Is 13831509 a multiple of 25?
False
Is 11 a factor of 8002258?
True
Is 111 a factor of 853791?
False
Is 3890726 a multiple of 86?
True
Is 31 a factor of 452612?
False
Is 7326168 a multiple of 43?
True
Is 305958 a multiple of 48?
False
Does 81 divide 189864?
True
Does 11 divide 835505?
True
Is 16 a factor of 365072?
True
Does 145 divide 673090?
True
Does 207 divide 2000655?
True
Does 178 divide 536225?
False
Is 2532404 a multiple of 14?
True
Is 234 a factor of 2229527?
False
Is 342613 a multiple of 32?
False
Is 253 a factor of 195822?
True
Does 8 divide 70920?
True
Is 64 a factor of 619968?
True
Does 10 divide 10347?
False
Does 30 divide 10378380?
True
Is 106574 a multiple of 72?
False
Is 7 a factor of 91028?
True
Is 15177365 a multiple of 1041?
False
Is 196 a factor of 547232?
True
Is 116886 a multiple of 33?
True
Is 122 a factor of 3196888?
True
Is 673792 a multiple of 56?
True
Is 11 a factor of 101552?
True
Is 179807 a multiple of 61?
False
Does 405 divide 3737882?
False
Does 282 divide 5173599?
False
Does 19 divide 18787?
False
Does 170 divide 676430?
True
Is 475 a factor of 52524?
False
Does 282 divide 164124?
True
Is 520201 a multiple of 241?
False
Does 47 divide 5191009?
True
Does 52 divide 31512?
True
Is 307818 a multiple of 34?
False
Is 5226 a multiple of 13?
True
Does 383 divide 102644?
True
Is 97 a factor of 10511287?
False
Is 180 a factor of 44750?
False
Does 494 divide 246012?
True
Is 23 a factor of 247134?
False
Does 80 divide 882240?
True
Does 35 divide 2110695?
False
Is 273 a factor of 1915298?
False
Does 11 divide 282557?
True
Is 3 a factor of 30960?
True
Is 1200 a factor of 7851982?
False
Does 5 divide 213483?
False
Is 59 a factor of 301844?
True
Does 1045 divide 2292979?
False
Is 73 a factor of 219701?
False
Is 92 a factor of 11561?
False
Is 1220 a factor of 9462076?
False
Is 543184 a multiple of 16?
True
Is 15430 a multiple of 5?
True
Is 15 a factor of 1611?
False
Does 89 divide 1511487?
True
Is 1000 even?
True
Is 20 a factor of 569584?
False
Does 123 divide 25478?
False
Is 665 a factor of 3605630?
True
Does 175 divide 24150?
True
Does 598 divide 3735108?
True
Does 182 divide 1605968?
True
Does 62 divide 1226959?
False
Is 1220 a factor of 18495047?
False
Is 2475854 a multiple of 494?
False
Is 898 a factor of 1440947?
False
Is 1330230 a multiple of 58?
True
Is 771325 a multiple of 5?
True
Is 23 a factor of 9367003?
True
Is 27 a factor of 652005?
False
Is 1373 a factor of 2247972?
False
Is 62 a factor of 203298?
True
Is 63640 a multiple of 172?
True
Does 9 divide 127635?
False
Does 2307 divide 22627996?
False
Is 37 a factor of 18217986?
True
Does 23 divide 17181?
True
Does 27 divide 2350283?
False
Is 5240991 a multiple of 353?
True
Is 165 a factor of 2964903?
False
Is 103 a factor of 216712?
True
Is 789 a factor of 90735?
True
Is 2315040 a multiple of 106?
True
Does 15 divide 242205?
True
Does 343 divide 167384?
True
Does 18 divide 43380?
True
Is 6606733 a multiple of 1032?
False
Does 12 divide 64032?
True
Is 98 a factor of 3822?
True
Does 44 divide 130372?
True
Is 1662748 a multiple of 942?
False
Is 52 a factor of 14386402?
False
Is 25789 a multiple of 25?
False
Is 20808 a multiple of 102?
True
Is 13 a factor of 194730?
False
Is 70 a factor of 1289879?
False
Does 65 divide 874479?
False
Is 271 a factor of 78940?
False
Is 414239 a multiple of 35?
False
Is 11 a factor of 2062821?
False
Is 238 a factor of 1335418?
True
Is 417 a factor of 668877?
False
Does 208 divide 766887?
False
Is 15 a factor of 360105?
True
Is 9 a factor of 142615?
False
Is 20308 a multiple of 11?
False
Is 95 a factor of 153377?
False
Is 33 a factor of 73227?
True
Is 765 a factor of 2598705?
True
Does 30 divide 463290?
True
Is 111948 a multiple of 19?
True
Is 3093568 a multiple of 78?
False
Does 2 divide 144689?
False
Is 320306 a multiple of 334?
True
Is 3 a factor of 12405?
True
Is 15954072 a multiple of 593?
True
Is 2133 a factor of 16718454?
True
Does 18 divide 44723?
False
Is 17 a factor of 8763308?
False
Is 739048 a multiple of 69?
False
Is 17 a factor of 1340518?
True
Does 12 divide 12970?
False
Is 136 a factor of 417384?
True
Is 842832 a multiple of 36?
True
Does 18 divide 712434?
False
Is 10789158 a multiple of 381?
True
Does 22 divide 548350?
True
Is 27 a factor of 5240093?
False
Does 2 divide 10254?
True
Is 870041 a multiple of 8?
False
Is 144 a factor of 86400?
True
Is 14 a factor of 3290993?
False
Does 37 divide 24625498?
True
Does 6 divide 3143439?
False
Is 6908179 a multiple of 10?
False
Is 556 a factor of 2531468?
True
Does 286 divide 331635?
False
Is 742747 a multiple of 17?
True
Does 47 divide 3774194?
True
Is 29 a factor of 1925240?
False
Is 972320 a multiple of 412?
True
Is 306216 a multiple of 72?
True
Is 9 a factor of 2756286?
True
Does 153 divide 6612660?
True
Is 397856 a multiple of 32?
True
Does 16 divide 4247680?
True
Does 13 divide 592365?
False
Is 2 a factor of 1027960?
True
Does 56 divide 73472?
True
Is 138 a factor of 342799?
False
Is 25 a factor of 198650?
True
Is 285770 a multiple of 410?
True
Does 48 divide 127288?
False
Is 11 a factor of 31020?
True
Is 22339 a multiple of 4?
False
Is 1228 a factor of 5513222?
False
Is 75 a factor of 111300?
True
Is 182 a factor of 1357727?
False
Is 1309 a factor of 3200505?
True
Is 205 a factor of 61477?
False
Is 75132 a multiple of 18?
True
Is 262710 a multiple of 135?
True
Does 400 divide 2326000?
True
Is 360725 a multiple of 310?
False
Does 160 divide 330217?
False
Is 8320970 a multiple of 406?
True
Is 54 a factor of 6119683?
False
Does 55 divide 130900?
True
Is 5 a factor of 1549711?
False
Is 9 a factor of 3838424?
False
Is 2251 a multiple of 14?
False
Is 119 a factor of 1153705?
True
Is 201 a factor of 2460715?
False
Is 2907945 a multiple of 225?
False
Is 475580 a multiple of 14?
True
Is 4322376 a multiple of 9?
True
Is 8 a factor of 37360?
True
Does 26 divide 5704790?
True
Is 362865 a multiple of 9?
False
Does 9 divide 349683?
False
Is 170 a factor of 2769470?
True
Is 177 a factor of 1718847?
True
Does 2136 divide 11951974?
False
Is 108177 a multiple of 321?
True
Does 147 divide 610690?
False
Is 18 a factor of 77534?
False
Is 93063 even?
False
Is 407320 a multiple of 136?
True
Does 171 divide 1904863?
False
Is 2918216 a multiple of 41?
True
Is 33 a factor of 11204985?
True
Is 7280 a multiple of 74?
False
Is 2067040 a multiple of 32?
True
Is 6 a factor of 12122?
False
Does 104 divide 669552?
True
Is 503 a factor of 12816440?
True
Is 1044 a factor of 1085760?
True
Does 305 